culate the remainder when j is divided by 9.
6
Suppose 2 = -q + 3. Let a be q/3 - 2/6. Suppose -5*l + 2*m + 26 = 5*m, a = -4*l + 3*m + 37. Calculate the remainder when l is divided by 3.
1
Suppose -385 = -5*r + 4*d + d, 4*r + d = 293. Calculate the remainder when r is divided by 11.
8
Suppose 0*r - 62 = -x + r, 4*x - 232 = -4*r. Calculate the remainder when x is divided by 21.
18
Let x(l) = -7*l - 2. Let h = 16 - 18. What is the remainder when 46 is divided by x(h)?
10
Let m = 81 + -49. Let u = -23 + m. What is the remainder when u is divided by 3?
0
Suppose 102 = 5*s - r + 12, 2*r = 5*s - 95. Calculate the remainder when s is divided by (-7*50/(-105))/((-4)/(-6)).
2
Suppose 5*w = 3*w. Let q(z) = -2*z + 3*z**3 + 6*z**2 + 4 - 4*z**3 + w. What is the remainder when q(4) is divided by 15?
13
Suppose 0 = 5*l + 3*h - 258, -l + 3*l - 5*h = 97. What is the remainder when 202 is divided by l?
49
Let p(t) = 6*t**2 - t + 1. What is the remainder when p(-3) is divided by 13?
6
Let p(s) = 10*s + 3*s - 5*s - 3. What is the remainder when p(5) is divided by 13?
11
Let l(r) = r**3 + 8*r**2 + 4*r + 3. Calculate the remainder when 70 is divided by l(-7).
22
Let a(n) = 3 + 0 - 6 - 3 - 7*n. Let q be a(-4). Calculate the remainder when q*(-3)/12*-2 is divided by 6.
5
Let k = -27 - -16. Let m be (k - -5)/((-3)/(-2)). What is the remainder when 76 is divided by 9/(-36) - 105/m?
24
Suppose 4 = -4*y + 5*y + 2*l, 5*y - 3*l - 20 = 0. Suppose c = 3*c - y. Calculate the remainder when 3 is divided by c - 0 - 0/1.
1
Let z(q) = q**2 - 10*q + 3. Let c = 4 + 6. Let n be z(c). Suppose -3*h + 210 - n = 0. What is the remainder when h is divided by 18?
15
Let o(f) = f + 20. Let k be o(-14). Let m = 21 - k. Calculate the remainder when m is divided by 6.
3
Let q(v) = v**2 - 21*v + 30. Calculate the remainder when q(21) is divided by 15 - (-3 - -2 - 0).
14
Let n(g) = -g**3 - 3*g**2 - 8*g - 7. What is the remainder when n(-5) is divided by 28?
27
Let h = 1 - -6. Let l(q) = q**2 + 2*q**2 - 5*q**2 + h + q**2 + 6*q. Calculate the remainder when 20 is divided by l(6).
6
Let r be (-14)/3 + 1/(-3). Let l = r - -8. What is the remainder when 8 is divided by l?
2
Let m = -18 - -42. Let j = 9 + m. Calculate the remainder when j is divided by 7.
5
Let x be (2 + -2)*(-2 - -3). Let z = 5 + x. Calculate the remainder when (-2 - 0)/2*-8 is divided by z.
3
Let p(x) = -x**3 - 2*x**2 + 3*x - 4. Let w be p(-4). Let y = w - 10. Calculate the remainder when (-1 - 23)*10/(-15) is divided by y.
4
Suppose -v - 24 = -4*a, -2*a + 5*v = -0*a - 30. Calculate the remainder when 41 is divided by (-4)/10 + 107/a.
20
Suppose 45 = 2*c - 5*b, 2*c + 2*b - 4*b = 30. Suppose -5*z = -2*l + c, -2*z + 24 = -3*z - 4*l. What is the remainder when (-87)/2*z/6 is divided by 15?
14
Suppose -4*z + 0*g + 100 = g, -82 = -3*z + g. Suppose 3*m + 3 = -3. Let a = z + m. Calculate the remainder when a is divided by 13.
11
Suppose 5*v + 6 = 26. Suppose x - v*x + 51 = 0. Suppose 0 = 5*m - 10 - 40. What is the remainder when x is divided by m?
7
Let m = -10 - -19. Suppose n - 1 = -g + m, 5*g + 25 = 0. What is the remainder when n is divided by 6?
3
Suppose 2*c - 3*s + 6*s - 1 = 0, -9 = -2*c + 5*s. Suppose -c*w = -4*w + 64. What is the remainder when w is divided by 10*1 + (1 - 0)?
10
Suppose -3*y + 2*y = 36. Let c = 59 + y. Let l = 469 - 461. Calculate the remainder when c is divided by l.
7
Suppose -r = -6*r + 5. Let d = r - 0. Calculate the remainder when 2 is divided by d.
0
Let a = 10 + -5. Suppose -4*z + 10 = -a*b, 0 = -b + 3 - 1. Suppose 3*u - 13 = -z*s, -11 = -3*u - s - 3*s. Calculate the remainder when 3 is divided by u.
0
Let n = 23 - 14. Calculate the remainder when 17 is divided by n.
8
Suppose -4*x = -5*o + 85, 0 = -4*o + 4*x + 60 + 4. Calculate the remainder when o is divided by 11.
10
Let t = -16 + 23. Suppose -4*r - t = -35. Suppose 4 = 3*n - 2*j, 3*j = 2*n + j. Calculate the remainder when r is divided by n.
3
Let s(r) = 26*r - 2. Let h(a) = 8*a + 1. Let n be h(-2). Let i = 2 - n. Calculate the remainder when s(2) is divided by i.
16
Let n(c) = 4*c + 3. Calculate the remainder when 89 is divided by n(5).
20
Suppose 4*w = -w + 15. Suppose 6*x - 237 = w*x. Calculate the remainder when x is divided by 27.
25
Suppose -2*x + 2 = -4. Calculate the remainder when 3 is divided by x.
0
Suppose -3*l + f + 7 = -34, 2*f = -4. Calculate the remainder when 23 is divided by l.
10
Suppose -2*i = -5*k + 82, 0*k = 2*k - 5*i - 37. Let h = 2 + k. What is the remainder when 51 is divided by h?
15
What is the remainder when (1 + -4)*(-9 + -4) is divided by 14?
11
Let d = -2 + 4. Suppose 0*b + 40 = 2*b - 4*m, 0 = b - 4*m - 12. Calculate the remainder when b is divided by (-1 + 3)*(d - -3).
8
Suppose 15*f - 14*f = 25. What is the remainder when 122 is divided by f?
22
Suppose -5*q + 8 = -u - 142, 5*u - 56 = -q. What is the remainder when q is divided by 11?
9
Suppose -3*i + 2*t = -9, 0*t - 5 = i + 2*t. Calculate the remainder when 2 is divided by i.
0
Let k(d) = -6 - 3*d + 0 + 2 + d**2 + 4*d. Calculate the remainder when 45 is divided by k(4).
13
Let j(h) = -h**2 + h + 16. Let k be j(0). Let q be (-1 - -1)/3 + k. Suppose q = 4*w - 2*w. What is the remainder when 23 is divided by w?
7
Let x(t) = 6*t - 9. Suppose -5*k + 4*n + 27 = 0, -3*n = -5 - 1. Calculate the remainder when x(k) is divided by 18.
15
Let s be 1/((-2)/(-6)) + 2. Suppose -3*j + p = -24, 6*j = 3*j - s*p + 24. What is the remainder when 14 is divided by j?
6
Let l(r) be the third derivative of r**4/24 + 2*r**3 + 5*r**2. What is the remainder when 23 is divided by l(-6)?
5
Let k be 3*((-56)/(-12) + -3). Let o be (24/(-20))/(6/(-20)). Suppose 4*r - 4 = -4*d + k*d, -4*d + 24 = o*r. Calculate the remainder when 5 is divided by r.
1
Let g(c) = -8*c - 25. What is the remainder when g(-12) is divided by 9?
8
Suppose -r + 2*m + 29 = 4*m, -20 = -5*m. Calculate the remainder when 104 is divided by r.
20
Let d(f) = 10*f - 7. What is the remainder when d(5) is divided by 15?
13
Let v(x) = x**2 - 9*x + 11. Let n be v(8). Suppose -n*d + 34 = -4*s - 1, 0 = 4*d + 5*s - 26. What is the remainder when 16 is divided by d?
7
What is the remainder when (-18)/(-15)*(-70)/(-4) is divided by 165/(-10)*4/(-6)?
10
Let i(g) = -18*g - 47. What is the remainder when i(-12) is divided by 17?
16
Let b(n) = 3*n**2 - 3*n + 4. Let c(l) = 2*l**2 - 2*l + 2. Suppose -4*f + 0*f + 8 = 0. What is the remainder when c(f) is divided by b(1)?
2
Let q = 10 - 6. What is the remainder when q is divided by 3?
1
Let o(j) = 3*j - 6. Suppose 6 = 2*k + 8. Let b be (5 - (k + -1))/1. What is the remainder when 58 is divided by o(b)?
13
Let b(l) = 9*l - 5. Let c be b(5). Suppose -4*u - u = -c. Let o = -11 + 16. What is the remainder when u is divided by o?
3
Let h = 28 + -3. Suppose 3*i - 5*m = 0, 4*i = 6*i + 4*m - 22. Suppose 0 = 4*c + c + i*k - h, 2*k - 2 = 0. Calculate the remainder when c is divided by 2.
0
Let n(q) = 2*q**2. Let r be n(1). Suppose 0 = -2*p - r*p + 36. Let k(s) = s + 14. What is the remainder when k(11) is divided by p?
7
Let v(p) = p - 10. Let u be v(8). What is the remainder when ((-1 - 0) + -1)/u is divided by 1?
0
Let m(x) be the third derivative of -x**5/60 - 11*x**4/24 - x**3/2 - 3*x**2. What is the remainder when 51 is divided by m(-5)?
24
Let z(b) = b**2 - 6*b + 10. Calculate the remainder when 103 is divided by z(8).
25
Let q be 1 + 5 + -2 + 0. Calculate the remainder when 8*(-2 + 1)*-1 is divided by (q/16)/(1/12).
2
Suppose -5*c + 2*v = -27, 3*c + c = 2*v + 22. Suppose 0*k - 3*k = 0, c*b - k - 35 = 0. What is the remainder when 12 is divided by b?
5
Let w be (-1 - 9/(-7))*7. Suppose 3*i - w*j - 18 = -j, 30 = 5*i + 4*j. What is the remainder when 16 is divided by i?
4
Suppose 0 = -3*q - 3*d + 429, -5*d + 107 - 652 = -4*q. Suppose -3*f = f - q. Calculate the remainder when f is divided by 12.
11
Suppose -222 = -3*g + 96. What is the remainder when g is divided by 27?
25
What is the remainder when (3/6)/((35/60)/7) is divided by 6?
0
Suppose -5*t + 2*o = -107, -26 = -t - 2*o - 7. Calculate the remainder when 41 is divided by t.
20
Suppose 0 = 3*j + 2*y + 44, y = 4*j - 3*j + 13. What is the remainder when (-273)/(-5) + j/(-35) is divided by 14?
13
Let c be (-4)/6*-3 - -2. Suppose -3*x + 2*f = -76, x -